[INFO] fetching crate executioner 0.0.1...
[INFO] checking executioner-0.0.1 against try#72f88fc4e9458f89516a0b8b0868f3718aec5b47 for pr-74989
[INFO] extracting crate executioner 0.0.1 into /workspace/builds/worker-9/source
[INFO] validating manifest of crates.io crate executioner 0.0.1 on toolchain 72f88fc4e9458f89516a0b8b0868f3718aec5b47
[INFO] running `Command { std: "/workspace/cargo-home/bin/cargo" "+72f88fc4e9458f89516a0b8b0868f3718aec5b47" "read-manifest" "--manifest-path" "Cargo.toml", kill_on_drop: false }`
[INFO] started tweaking crates.io crate executioner 0.0.1
[INFO] finished tweaking crates.io crate executioner 0.0.1
[INFO] tweaked toml for crates.io crate executioner 0.0.1 written to /workspace/builds/worker-9/source/Cargo.toml
[INFO] running `Command { std: "/workspace/cargo-home/bin/cargo" "+72f88fc4e9458f89516a0b8b0868f3718aec5b47" "generate-lockfile" "--manifest-path" "Cargo.toml" "-Zno-index-update", kill_on_drop: false }`
[INFO] running `Command { std: "/workspace/cargo-home/bin/cargo" "+72f88fc4e9458f89516a0b8b0868f3718aec5b47" "fetch" "--locked" "--manifest-path" "Cargo.toml", kill_on_drop: false }`
[INFO] running `Command { std: "docker" "create" "-v" "/var/lib/crater-agent-workspace/builds/worker-9/target:/opt/rustwide/target:rw,Z" "-v" "/var/lib/crater-agent-workspace/builds/worker-9/source:/opt/rustwide/workdir:ro,Z" "-v" "/var/lib/crater-agent-workspace/cargo-home:/opt/rustwide/cargo-home:ro,Z" "-v" "/var/lib/crater-agent-workspace/rustup-home:/opt/rustwide/rustup-home:ro,Z" "-e" "SOURCE_DIR=/opt/rustwide/workdir" "-e" "CARGO_TARGET_DIR=/opt/rustwide/target" "-e" "CARGO_HOME=/opt/rustwide/cargo-home" "-e" "RUSTUP_HOME=/opt/rustwide/rustup-home" "-w" "/opt/rustwide/workdir" "-m" "1610612736" "--user" "0:0" "--network" "none" "rustops/crates-build-env@sha256:d92eaeed33fa75130ca1ee6c8a01d1ffb62bac859dfdfb3450e3e5d1c0146529" "/opt/rustwide/cargo-home/bin/cargo" "+72f88fc4e9458f89516a0b8b0868f3718aec5b47" "metadata" "--no-deps" "--format-version=1", kill_on_drop: false }`
[INFO] [stdout] 4f32e3dff2fb43e27693bead7ae65f40a6ea5f6db714e32bf06a02eb464ef87e
[INFO] [stderr] WARNING: Your kernel does not support swap limit capabilities or the cgroup is not mounted. Memory limited without swap.
[INFO] running `Command { std: "docker" "start" "-a" "4f32e3dff2fb43e27693bead7ae65f40a6ea5f6db714e32bf06a02eb464ef87e", kill_on_drop: false }`
[INFO] running `Command { std: "docker" "inspect" "4f32e3dff2fb43e27693bead7ae65f40a6ea5f6db714e32bf06a02eb464ef87e", kill_on_drop: false }`
[INFO] running `Command { std: "docker" "rm" "-f" "4f32e3dff2fb43e27693bead7ae65f40a6ea5f6db714e32bf06a02eb464ef87e", kill_on_drop: false }`
[INFO] [stdout] 4f32e3dff2fb43e27693bead7ae65f40a6ea5f6db714e32bf06a02eb464ef87e
[INFO] running `Command { std: "docker" "create" "-v" "/var/lib/crater-agent-workspace/builds/worker-9/target:/opt/rustwide/target:rw,Z" "-v" "/var/lib/crater-agent-workspace/builds/worker-9/source:/opt/rustwide/workdir:ro,Z" "-v" "/var/lib/crater-agent-workspace/cargo-home:/opt/rustwide/cargo-home:ro,Z" "-v" "/var/lib/crater-agent-workspace/rustup-home:/opt/rustwide/rustup-home:ro,Z" "-e" "SOURCE_DIR=/opt/rustwide/workdir" "-e" "CARGO_TARGET_DIR=/opt/rustwide/target" "-e" "CARGO_INCREMENTAL=0" "-e" "RUST_BACKTRACE=full" "-e" "RUSTFLAGS=--cap-lints=forbid" "-e" "CARGO_HOME=/opt/rustwide/cargo-home" "-e" "RUSTUP_HOME=/opt/rustwide/rustup-home" "-w" "/opt/rustwide/workdir" "-m" "1610612736" "--user" "0:0" "--network" "none" "rustops/crates-build-env@sha256:d92eaeed33fa75130ca1ee6c8a01d1ffb62bac859dfdfb3450e3e5d1c0146529" "/opt/rustwide/cargo-home/bin/cargo" "+72f88fc4e9458f89516a0b8b0868f3718aec5b47" "check" "--frozen" "--all" "--all-targets" "--message-format=json", kill_on_drop: false }`
[INFO] [stdout] 582060c36f110c699ea54be92ac99c6415e63a8169f811c5f27fc407da565ea7
[INFO] [stderr] WARNING: Your kernel does not support swap limit capabilities or the cgroup is not mounted. Memory limited without swap.
[INFO] running `Command { std: "docker" "start" "-a" "582060c36f110c699ea54be92ac99c6415e63a8169f811c5f27fc407da565ea7", kill_on_drop: false }`
[INFO] [stderr]     Checking executioner v0.0.1 (/opt/rustwide/workdir)
[INFO] [stdout] error[E0433]: failed to resolve: use of undeclared type or module `extreme`
[INFO] [stdout]   --> tests/smoke.rs:14:5
[INFO] [stdout]    |
[INFO] [stdout] 14 |     extreme::run(async {});
[INFO] [stdout]    |     ^^^^^^^ use of undeclared type or module `extreme`
[INFO] [stdout] 
[INFO] [stdout] 
[INFO] [stdout] error[E0433]: failed to resolve: use of undeclared type or module `extreme`
[INFO] [stdout]   --> tests/smoke.rs:15:5
[INFO] [stdout]    |
[INFO] [stdout] 15 |     extreme::run(async {
[INFO] [stdout]    |     ^^^^^^^ use of undeclared type or module `extreme`
[INFO] [stdout] 
[INFO] [stdout] 
[INFO] [stdout] error[E0433]: failed to resolve: use of undeclared type or module `extreme`
[INFO] [stdout]   --> tests/smoke.rs:20:5
[INFO] [stdout]    |
[INFO] [stdout] 20 |     extreme::run(async {
[INFO] [stdout]    |     ^^^^^^^ use of undeclared type or module `extreme`
[INFO] [stdout] 
[INFO] [stdout] 
[INFO] [stdout] error[E0433]: failed to resolve: use of undeclared type or module `extreme`
[INFO] [stdout]   --> tests/smoke.rs:58:5
[INFO] [stdout]    |
[INFO] [stdout] 58 |     extreme::run(async {
[INFO] [stdout]    |     ^^^^^^^ use of undeclared type or module `extreme`
[INFO] [stdout] 
[INFO] [stdout] 
[INFO] [stdout] error: aborting due to 4 previous errors
[INFO] [stdout] 
[INFO] [stdout] 
[INFO] [stdout] For more information about this error, try `rustc --explain E0433`.
[INFO] [stdout] 
[INFO] [stderr] error: could not compile `executioner`.
[INFO] [stderr] 
[INFO] [stderr] To learn more, run the command again with --verbose.
[INFO] running `Command { std: "docker" "inspect" "582060c36f110c699ea54be92ac99c6415e63a8169f811c5f27fc407da565ea7", kill_on_drop: false }`
[INFO] running `Command { std: "docker" "rm" "-f" "582060c36f110c699ea54be92ac99c6415e63a8169f811c5f27fc407da565ea7", kill_on_drop: false }`
[INFO] [stdout] 582060c36f110c699ea54be92ac99c6415e63a8169f811c5f27fc407da565ea7
